{"id":404,"date":"2026-02-12T11:52:43","date_gmt":"2026-02-12T11:52:43","guid":{"rendered":"https:\/\/bodegasadan.com\/?post_type=product&#038;p=404"},"modified":"2026-02-12T11:52:43","modified_gmt":"2026-02-12T11:52:43","slug":"larios-rose","status":"publish","type":"product","link":"https:\/\/bodegasadan.com\/index.php\/product\/larios-rose\/","title":{"rendered":"LARIOS ROS\u00c9"},"content":{"rendered":"<div class=\"flex flex-col text-sm pb-25\">\n<article class=\"text-token-text-primary w-full focus:outline-none [--shadow-height:45px] has-data-writing-block:pointer-events-none has-data-writing-block:-mt-(--shadow-height) has-data-writing-block:pt-(--shadow-height) [&amp;:has([data-writing-block])&gt;*]:pointer-events-auto scroll-mt-[calc(var(--header-height)+min(200px,max(70px,20svh)))]\" dir=\"auto\" tabindex=\"-1\" data-turn-id=\"1a55dcb9-902d-4326-9443-71c8877d05f8\" data-testid=\"conversation-turn-22\" data-scroll-anchor=\"true\" data-turn=\"assistant\">\n<div class=\"text-base my-auto mx-auto pb-10 [--thread-content-margin:--spacing(4)] @w-sm\/main:[--thread-content-margin:--spacing(6)] @w-lg\/main:[--thread-content-margin:--spacing(16)] px-(--thread-content-margin)\">\n<div class=\"[--thread-content-max-width:40rem] @w-lg\/main:[--thread-content-max-width:48rem] mx-auto max-w-(--thread-content-max-width) flex-1 group\/turn-messages focus-visible:outline-hidden relative flex w-full min-w-0 flex-col agent-turn\" tabindex=\"-1\">\n<div class=\"flex max-w-full flex-col grow\">\n<div class=\"min-h-8 text-message relative flex w-full flex-col items-end gap-2 text-start break-words whitespace-normal [.text-message+&amp;]:mt-1\" dir=\"auto\" data-message-author-role=\"assistant\" data-message-id=\"aee049ba-6d6f-40de-b75d-61441d403a86\" data-message-model-slug=\"gpt-5-mini\">\n<div class=\"flex w-full flex-col gap-1 empty:hidden first:pt-[1px]\">\n<div class=\"markdown prose dark:prose-invert w-full wrap-break-word light markdown-new-styling\">\n<p data-start=\"0\" data-end=\"325\">Descripci\u00f3n<br data-start=\"11\" data-end=\"14\" \/>Larios Ros\u00e9 es una ginebra espa\u00f1ola afrutada que combina la base cl\u00e1sica de Larios con un delicado sabor a frutos rojos, especialmente fresas y frambuesas. Fresca, arom\u00e1tica y f\u00e1cil de beber, se presenta como una opci\u00f3n ideal para gin-tonics y c\u00f3cteles ligeros, con un perfil suave y muy agradable al paladar.<\/p>\n<p data-start=\"327\" data-end=\"387\">\ud83c\udf78 Perfil del producto<br data-start=\"349\" data-end=\"352\" \/>Tipo: Ginebra saborizada premium.<\/p>\n<p data-start=\"389\" data-end=\"423\">Pa\u00eds de origen: Espa\u00f1a (M\u00e1laga).<\/p>\n<p data-start=\"425\" data-end=\"462\">Formato habitual: Botella de 70 cl.<\/p>\n<p data-start=\"464\" data-end=\"499\">Graduaci\u00f3n alcoh\u00f3lica: 37,5% vol.<\/p>\n<p data-start=\"501\" data-end=\"833\">\ud83c\udf3f Bot\u00e1nicos y elaboraci\u00f3n<br data-start=\"527\" data-end=\"530\" \/>Larios Ros\u00e9 parte de la receta tradicional de Larios, elaborada con enebro y bot\u00e1nicos cl\u00e1sicos, a la que se incorpora aroma natural de frutos rojos. La maceraci\u00f3n y destilaci\u00f3n permiten integrar el sabor de la fruta sin perder la elegancia y el car\u00e1cter de la ginebra. Entre sus componentes destacan:<\/p>\n<p data-start=\"835\" data-end=\"843\">Enebro<\/p>\n<p data-start=\"845\" data-end=\"869\">C\u00edtricos mediterr\u00e1neos<\/p>\n<p data-start=\"871\" data-end=\"896\">Bot\u00e1nicos tradicionales<\/p>\n<p data-start=\"898\" data-end=\"934\">Aroma natural de fresa y frambuesa<\/p>\n<p data-start=\"936\" data-end=\"968\">Notas frutales complementarias<\/p>\n<p data-start=\"970\" data-end=\"1090\">El resultado es una ginebra afrutada, arom\u00e1tica y equilibrada, con predominio de los frutos rojos sobre la base cl\u00e1sica.<\/p>\n<p data-start=\"1092\" data-end=\"1157\">\ud83d\udc43 Notas de cata<br data-start=\"1108\" data-end=\"1111\" \/>Vista: Color rosa suave, brillante y limpio.<\/p>\n<p data-start=\"1159\" data-end=\"1274\">Nariz: Muy arom\u00e1tica, con notas intensas de fresas y frambuesas frescas, acompa\u00f1adas de ligeros matices c\u00edtricos.<\/p>\n<p data-start=\"1276\" data-end=\"1382\">Boca: Suave y afrutada, con entrada dulce marcada por los frutos rojos y un final refrescante y agradable.<\/p>\n<p data-start=\"1384\" data-end=\"1539\">\ud83c\udf78 Recomendaciones de consumo<br data-start=\"1413\" data-end=\"1416\" \/>Ideal para gin-tonics con t\u00f3nica neutra o t\u00f3nica de frutos rojos, acompa\u00f1ada de fresas, frambuesas o una rodaja de lim\u00f3n.<\/p>\n<p data-start=\"1541\" data-end=\"1637\">Perfecta para combinados veraniegos y c\u00f3cteles frutales, aportando un toque dulce y refrescante.<\/p>\n<p data-start=\"1639\" data-end=\"1797\" data-is-last-node=\"\" data-is-only-node=\"\">En resumen, Larios Ros\u00e9 es una ginebra fresca, dulce y muy arom\u00e1tica, ideal para quienes buscan un perfil afrutado y ligero con el car\u00e1cter cl\u00e1sico de Larios.<\/p>\n<\/div>\n<\/div>\n<\/div>\n<\/div>\n<div class=\"z-0 flex min-h-[46px] justify-start\"><\/div>\n<\/div>\n<\/div>\n<\/article>\n<\/div>\n<div class=\"pointer-events-none h-px w-px absolute bottom-0\" aria-hidden=\"true\" data-edge=\"true\"><\/div>\n","protected":false},"excerpt":{"rendered":"<p>Descripci\u00f3nLarios Ros\u00e9 es una ginebra espa\u00f1ola afrutada que combina la base cl\u00e1sica de Larios con un delicado sabor a frutos rojos, especialmente fresas y frambuesas. Fresca, arom\u00e1tica y f\u00e1cil de beber, se presenta como una opci\u00f3n ideal para gin-tonics y c\u00f3cteles ligeros, con un perfil suave y muy agradable al paladar. \ud83c\udf78 Perfil del productoTipo: [&hellip;]<\/p>\n","protected":false},"featured_media":405,"comment_status":"open","ping_status":"closed","template":"","meta":{"_et_pb_use_builder":"","_et_pb_old_content":"","_et_gb_content_width":""},"product_cat":[19,33],"product_tag":[],"yoast_head":"<!-- This site is optimized with the Yoast SEO plugin v19.9 - https:\/\/yoast.com\/wordpress\/plugins\/seo\/ -->\n<title>LARIOS ROS\u00c9 - Bodegas Ad\u00e1n<\/title>\n<meta name=\"robots\" content=\"index, follow, max-snippet:-1, max-image-preview:large, max-video-preview:-1\" \/>\n<link rel=\"canonical\" href=\"https:\/\/bodegasadan.com\/index.php\/product\/larios-rose\/\" \/>\n<meta property=\"og:locale\" content=\"es_ES\" \/>\n<meta property=\"og:type\" content=\"article\" \/>\n<meta property=\"og:title\" content=\"LARIOS ROS\u00c9 - Bodegas Ad\u00e1n\" \/>\n<meta property=\"og:description\" content=\"Descripci\u00f3nLarios Ros\u00e9 es una ginebra espa\u00f1ola afrutada que combina la base cl\u00e1sica de Larios con un delicado sabor a frutos rojos, especialmente fresas y frambuesas. Fresca, arom\u00e1tica y f\u00e1cil de beber, se presenta como una opci\u00f3n ideal para gin-tonics y c\u00f3cteles ligeros, con un perfil suave y muy agradable al paladar. \ud83c\udf78 Perfil del productoTipo: [&hellip;]\" \/>\n<meta property=\"og:url\" content=\"https:\/\/bodegasadan.com\/index.php\/product\/larios-rose\/\" \/>\n<meta property=\"og:site_name\" content=\"Bodegas Ad\u00e1n\" \/>\n<meta property=\"og:image\" content=\"https:\/\/bodegasadan.com\/wp-content\/uploads\/2026\/02\/LARIOS-ROSE.jpg\" \/>\n\t<meta property=\"og:image:width\" content=\"1200\" \/>\n\t<meta property=\"og:image:height\" content=\"1372\" \/>\n\t<meta property=\"og:image:type\" content=\"image\/jpeg\" \/>\n<meta name=\"twitter:card\" content=\"summary_large_image\" \/>\n<meta name=\"twitter:label1\" content=\"Tiempo de lectura\" \/>\n\t<meta name=\"twitter:data1\" content=\"2 minutos\" \/>\n<script type=\"application\/ld+json\" class=\"yoast-schema-graph\">{\"@context\":\"https:\/\/schema.org\",\"@graph\":[{\"@type\":\"WebPage\",\"@id\":\"https:\/\/bodegasadan.com\/index.php\/product\/larios-rose\/\",\"url\":\"https:\/\/bodegasadan.com\/index.php\/product\/larios-rose\/\",\"name\":\"LARIOS ROS\u00c9 - Bodegas Ad\u00e1n\",\"isPartOf\":{\"@id\":\"https:\/\/bodegasadan.com\/#website\"},\"datePublished\":\"2026-02-12T11:52:43+00:00\",\"dateModified\":\"2026-02-12T11:52:43+00:00\",\"breadcrumb\":{\"@id\":\"https:\/\/bodegasadan.com\/index.php\/product\/larios-rose\/#breadcrumb\"},\"inLanguage\":\"es\",\"potentialAction\":[{\"@type\":\"ReadAction\",\"target\":[\"https:\/\/bodegasadan.com\/index.php\/product\/larios-rose\/\"]}]},{\"@type\":\"BreadcrumbList\",\"@id\":\"https:\/\/bodegasadan.com\/index.php\/product\/larios-rose\/#breadcrumb\",\"itemListElement\":[{\"@type\":\"ListItem\",\"position\":1,\"name\":\"Home\",\"item\":\"https:\/\/bodegasadan.com\/\"},{\"@type\":\"ListItem\",\"position\":2,\"name\":\"Cat\u00e1logo\",\"item\":\"https:\/\/bodegasadan.com\/index.php\/catalogo\/\"},{\"@type\":\"ListItem\",\"position\":3,\"name\":\"LARIOS ROS\u00c9\"}]},{\"@type\":\"WebSite\",\"@id\":\"https:\/\/bodegasadan.com\/#website\",\"url\":\"https:\/\/bodegasadan.com\/\",\"name\":\"Bodegas Ad\u00e1n\",\"description\":\"Bodegas Ad\u00e1n\",\"potentialAction\":[{\"@type\":\"SearchAction\",\"target\":{\"@type\":\"EntryPoint\",\"urlTemplate\":\"https:\/\/bodegasadan.com\/?s={search_term_string}\"},\"query-input\":\"required name=search_term_string\"}],\"inLanguage\":\"es\"}]}<\/script>\n<!-- \/ Yoast SEO plugin. -->","yoast_head_json":{"title":"LARIOS ROS\u00c9 - Bodegas Ad\u00e1n","robots":{"index":"index","follow":"follow","max-snippet":"max-snippet:-1","max-image-preview":"max-image-preview:large","max-video-preview":"max-video-preview:-1"},"canonical":"https:\/\/bodegasadan.com\/index.php\/product\/larios-rose\/","og_locale":"es_ES","og_type":"article","og_title":"LARIOS ROS\u00c9 - Bodegas Ad\u00e1n","og_description":"Descripci\u00f3nLarios Ros\u00e9 es una ginebra espa\u00f1ola afrutada que combina la base cl\u00e1sica de Larios con un delicado sabor a frutos rojos, especialmente fresas y frambuesas. Fresca, arom\u00e1tica y f\u00e1cil de beber, se presenta como una opci\u00f3n ideal para gin-tonics y c\u00f3cteles ligeros, con un perfil suave y muy agradable al paladar. \ud83c\udf78 Perfil del productoTipo: [&hellip;]","og_url":"https:\/\/bodegasadan.com\/index.php\/product\/larios-rose\/","og_site_name":"Bodegas Ad\u00e1n","og_image":[{"width":1200,"height":1372,"url":"https:\/\/bodegasadan.com\/wp-content\/uploads\/2026\/02\/LARIOS-ROSE.jpg","type":"image\/jpeg"}],"twitter_card":"summary_large_image","twitter_misc":{"Tiempo de lectura":"2 minutos"},"schema":{"@context":"https:\/\/schema.org","@graph":[{"@type":"WebPage","@id":"https:\/\/bodegasadan.com\/index.php\/product\/larios-rose\/","url":"https:\/\/bodegasadan.com\/index.php\/product\/larios-rose\/","name":"LARIOS ROS\u00c9 - Bodegas Ad\u00e1n","isPartOf":{"@id":"https:\/\/bodegasadan.com\/#website"},"datePublished":"2026-02-12T11:52:43+00:00","dateModified":"2026-02-12T11:52:43+00:00","breadcrumb":{"@id":"https:\/\/bodegasadan.com\/index.php\/product\/larios-rose\/#breadcrumb"},"inLanguage":"es","potentialAction":[{"@type":"ReadAction","target":["https:\/\/bodegasadan.com\/index.php\/product\/larios-rose\/"]}]},{"@type":"BreadcrumbList","@id":"https:\/\/bodegasadan.com\/index.php\/product\/larios-rose\/#breadcrumb","itemListElement":[{"@type":"ListItem","position":1,"name":"Home","item":"https:\/\/bodegasadan.com\/"},{"@type":"ListItem","position":2,"name":"Cat\u00e1logo","item":"https:\/\/bodegasadan.com\/index.php\/catalogo\/"},{"@type":"ListItem","position":3,"name":"LARIOS ROS\u00c9"}]},{"@type":"WebSite","@id":"https:\/\/bodegasadan.com\/#website","url":"https:\/\/bodegasadan.com\/","name":"Bodegas Ad\u00e1n","description":"Bodegas Ad\u00e1n","potentialAction":[{"@type":"SearchAction","target":{"@type":"EntryPoint","urlTemplate":"https:\/\/bodegasadan.com\/?s={search_term_string}"},"query-input":"required name=search_term_string"}],"inLanguage":"es"}]}},"_links":{"self":[{"href":"https:\/\/bodegasadan.com\/index.php\/wp-json\/wp\/v2\/product\/404"}],"collection":[{"href":"https:\/\/bodegasadan.com\/index.php\/wp-json\/wp\/v2\/product"}],"about":[{"href":"https:\/\/bodegasadan.com\/index.php\/wp-json\/wp\/v2\/types\/product"}],"replies":[{"embeddable":true,"href":"https:\/\/bodegasadan.com\/index.php\/wp-json\/wp\/v2\/comments?post=404"}],"wp:featuredmedia":[{"embeddable":true,"href":"https:\/\/bodegasadan.com\/index.php\/wp-json\/wp\/v2\/media\/405"}],"wp:attachment":[{"href":"https:\/\/bodegasadan.com\/index.php\/wp-json\/wp\/v2\/media?parent=404"}],"wp:term":[{"taxonomy":"product_cat","embeddable":true,"href":"https:\/\/bodegasadan.com\/index.php\/wp-json\/wp\/v2\/product_cat?post=404"},{"taxonomy":"product_tag","embeddable":true,"href":"https:\/\/bodegasadan.com\/index.php\/wp-json\/wp\/v2\/product_tag?post=404"}],"curies":[{"name":"wp","href":"https:\/\/api.w.org\/{rel}","templated":true}]}}