{"id":392,"date":"2026-02-12T10:55:02","date_gmt":"2026-02-12T10:55:02","guid":{"rendered":"https:\/\/bodegasadan.com\/?post_type=product&#038;p=392"},"modified":"2026-02-12T10:55:03","modified_gmt":"2026-02-12T10:55:03","slug":"puerto-de-indias-exotic","status":"publish","type":"product","link":"https:\/\/bodegasadan.com\/index.php\/product\/puerto-de-indias-exotic\/","title":{"rendered":"PUERTO DE INDIAS EXOTIC"},"content":{"rendered":"<div class=\"flex flex-col text-sm pb-25\">\n<article class=\"text-token-text-primary w-full focus:outline-none [--shadow-height:45px] has-data-writing-block:pointer-events-none has-data-writing-block:-mt-(--shadow-height) has-data-writing-block:pt-(--shadow-height) [&amp;:has([data-writing-block])&gt;*]:pointer-events-auto scroll-mt-[calc(var(--header-height)+min(200px,max(70px,20svh)))]\" dir=\"auto\" tabindex=\"-1\" data-turn-id=\"request-WEB:2ed544db-8149-4f48-ae95-8d3c86951a86-5\" data-testid=\"conversation-turn-12\" data-scroll-anchor=\"true\" data-turn=\"assistant\">\n<div class=\"text-base my-auto mx-auto pb-10 [--thread-content-margin:--spacing(4)] @w-sm\/main:[--thread-content-margin:--spacing(6)] @w-lg\/main:[--thread-content-margin:--spacing(16)] px-(--thread-content-margin)\">\n<div class=\"[--thread-content-max-width:40rem] @w-lg\/main:[--thread-content-max-width:48rem] mx-auto max-w-(--thread-content-max-width) flex-1 group\/turn-messages focus-visible:outline-hidden relative flex w-full min-w-0 flex-col agent-turn\" tabindex=\"-1\">\n<div class=\"flex max-w-full flex-col grow\">\n<div class=\"min-h-8 text-message relative flex w-full flex-col items-end gap-2 text-start break-words whitespace-normal [.text-message+&amp;]:mt-1\" dir=\"auto\" data-message-author-role=\"assistant\" data-message-id=\"f7a417a3-44f7-47a2-bedc-d5fa0bf8d3c3\" data-message-model-slug=\"gpt-5-2\">\n<div class=\"flex w-full flex-col gap-1 empty:hidden first:pt-[1px]\">\n<div class=\"markdown prose dark:prose-invert w-full wrap-break-word light markdown-new-styling\">\n<p data-start=\"0\" data-end=\"314\">Descripci\u00f3n<br data-start=\"11\" data-end=\"14\" \/>Puerto de Indias Exotic es una ginebra espa\u00f1ola de estilo afrutado que destaca por su intenso aroma y sabor a mora. Fresca, dulce y muy arom\u00e1tica, se ha convertido en una opci\u00f3n ideal para quienes buscan una ginebra diferente, m\u00e1s suave y f\u00e1cil de disfrutar, especialmente en combinados refrescantes.<\/p>\n<p data-start=\"316\" data-end=\"376\">\ud83c\udf78 Perfil del producto<br data-start=\"338\" data-end=\"341\" \/>Tipo: Ginebra saborizada premium.<\/p>\n<p data-start=\"378\" data-end=\"413\">Pa\u00eds de origen: Espa\u00f1a (Sevilla).<\/p>\n<p data-start=\"415\" data-end=\"452\">Formato habitual: Botella de 70 cl.<\/p>\n<p data-start=\"454\" data-end=\"489\">Graduaci\u00f3n alcoh\u00f3lica: 37,5% vol.<\/p>\n<p data-start=\"491\" data-end=\"841\">\ud83c\udf3f Bot\u00e1nicos y elaboraci\u00f3n<br data-start=\"517\" data-end=\"520\" \/>Puerto de Indias Exotic parte de una base de ginebra cl\u00e1sica elaborada con enebro y bot\u00e1nicos tradicionales, a la que se incorpora el caracter\u00edstico sabor natural de mora. El proceso combina destilaci\u00f3n tradicional con la maceraci\u00f3n de frutas para lograr un perfil m\u00e1s dulce y arom\u00e1tico. Entre sus componentes destacan:<\/p>\n<p data-start=\"843\" data-end=\"851\">Enebro<\/p>\n<p data-start=\"853\" data-end=\"878\">Bot\u00e1nicos tradicionales<\/p>\n<p data-start=\"880\" data-end=\"903\">Aroma natural de mora<\/p>\n<p data-start=\"905\" data-end=\"937\">Notas frutales complementarias<\/p>\n<p data-start=\"939\" data-end=\"1042\">El resultado es una ginebra intensa, afrutada y muy expresiva, con gran protagonismo de la mora madura.<\/p>\n<p data-start=\"1044\" data-end=\"1124\">\ud83d\udc43 Notas de cata<br data-start=\"1060\" data-end=\"1063\" \/>Vista: Color rosado viol\u00e1ceo brillante, limpio y atractivo.<\/p>\n<p data-start=\"1126\" data-end=\"1226\">Nariz: Muy arom\u00e1tica, con claras notas de mora fresca, frutos del bosque y un ligero fondo herbal.<\/p>\n<p data-start=\"1228\" data-end=\"1330\">Boca: Dulce y afrutada, con sabor intenso a mora, textura suave y final agradable, ligeramente goloso.<\/p>\n<p data-start=\"1332\" data-end=\"1482\">\ud83c\udf78 Recomendaciones de consumo<br data-start=\"1361\" data-end=\"1364\" \/>Ideal para gin-tonics con t\u00f3nica neutra o t\u00f3nica de frutos rojos, acompa\u00f1ada de moras naturales o frutos del bosque.<\/p>\n<p data-start=\"1484\" data-end=\"1595\">Perfecta para combinados refrescantes y c\u00f3cteles afrutados, especialmente en ocasiones informales o veraniegas.<\/p>\n<p data-start=\"1597\" data-end=\"1767\" data-is-last-node=\"\" data-is-only-node=\"\">En resumen, Puerto de Indias Exotic es una ginebra fresca, dulce y muy arom\u00e1tica, perfecta para quienes prefieren perfiles afrutados y suaves con un marcado sabor a mora.<\/p>\n<\/div>\n<\/div>\n<\/div>\n<\/div>\n<div class=\"z-0 flex min-h-[46px] justify-start\"><\/div>\n<\/div>\n<\/div>\n<\/article>\n<\/div>\n<div class=\"pointer-events-none h-px w-px absolute bottom-0\" aria-hidden=\"true\" data-edge=\"true\"><\/div>\n","protected":false},"excerpt":{"rendered":"<p>Descripci\u00f3nPuerto de Indias Exotic es una ginebra espa\u00f1ola de estilo afrutado que destaca por su intenso aroma y sabor a mora. Fresca, dulce y muy arom\u00e1tica, se ha convertido en una opci\u00f3n ideal para quienes buscan una ginebra diferente, m\u00e1s suave y f\u00e1cil de disfrutar, especialmente en combinados refrescantes. \ud83c\udf78 Perfil del productoTipo: Ginebra saborizada [&hellip;]<\/p>\n","protected":false},"featured_media":393,"comment_status":"open","ping_status":"closed","template":"","meta":{"_et_pb_use_builder":"","_et_pb_old_content":"","_et_gb_content_width":""},"product_cat":[19,33],"product_tag":[],"yoast_head":"<!-- This site is optimized with the Yoast SEO plugin v19.9 - https:\/\/yoast.com\/wordpress\/plugins\/seo\/ -->\n<title>PUERTO DE INDIAS EXOTIC - Bodegas Ad\u00e1n<\/title>\n<meta name=\"robots\" content=\"index, follow, max-snippet:-1, max-image-preview:large, max-video-preview:-1\" \/>\n<link rel=\"canonical\" href=\"https:\/\/bodegasadan.com\/index.php\/product\/puerto-de-indias-exotic\/\" \/>\n<meta property=\"og:locale\" content=\"es_ES\" \/>\n<meta property=\"og:type\" content=\"article\" \/>\n<meta property=\"og:title\" content=\"PUERTO DE INDIAS EXOTIC - Bodegas Ad\u00e1n\" \/>\n<meta property=\"og:description\" content=\"Descripci\u00f3nPuerto de Indias Exotic es una ginebra espa\u00f1ola de estilo afrutado que destaca por su intenso aroma y sabor a mora. Fresca, dulce y muy arom\u00e1tica, se ha convertido en una opci\u00f3n ideal para quienes buscan una ginebra diferente, m\u00e1s suave y f\u00e1cil de disfrutar, especialmente en combinados refrescantes. \ud83c\udf78 Perfil del productoTipo: Ginebra saborizada [&hellip;]\" \/>\n<meta property=\"og:url\" content=\"https:\/\/bodegasadan.com\/index.php\/product\/puerto-de-indias-exotic\/\" \/>\n<meta property=\"og:site_name\" content=\"Bodegas Ad\u00e1n\" \/>\n<meta property=\"article:modified_time\" content=\"2026-02-12T10:55:03+00:00\" \/>\n<meta property=\"og:image\" content=\"https:\/\/bodegasadan.com\/wp-content\/uploads\/2026\/02\/PUERTO-DE-INDIAS-MORA.jpg\" \/>\n\t<meta property=\"og:image:width\" content=\"2560\" \/>\n\t<meta property=\"og:image:height\" content=\"2560\" \/>\n\t<meta property=\"og:image:type\" content=\"image\/jpeg\" \/>\n<meta name=\"twitter:card\" content=\"summary_large_image\" \/>\n<meta name=\"twitter:label1\" content=\"Tiempo de lectura\" \/>\n\t<meta name=\"twitter:data1\" content=\"2 minutos\" \/>\n<script type=\"application\/ld+json\" class=\"yoast-schema-graph\">{\"@context\":\"https:\/\/schema.org\",\"@graph\":[{\"@type\":\"WebPage\",\"@id\":\"https:\/\/bodegasadan.com\/index.php\/product\/puerto-de-indias-exotic\/\",\"url\":\"https:\/\/bodegasadan.com\/index.php\/product\/puerto-de-indias-exotic\/\",\"name\":\"PUERTO DE INDIAS EXOTIC - Bodegas Ad\u00e1n\",\"isPartOf\":{\"@id\":\"https:\/\/bodegasadan.com\/#website\"},\"datePublished\":\"2026-02-12T10:55:02+00:00\",\"dateModified\":\"2026-02-12T10:55:03+00:00\",\"breadcrumb\":{\"@id\":\"https:\/\/bodegasadan.com\/index.php\/product\/puerto-de-indias-exotic\/#breadcrumb\"},\"inLanguage\":\"es\",\"potentialAction\":[{\"@type\":\"ReadAction\",\"target\":[\"https:\/\/bodegasadan.com\/index.php\/product\/puerto-de-indias-exotic\/\"]}]},{\"@type\":\"BreadcrumbList\",\"@id\":\"https:\/\/bodegasadan.com\/index.php\/product\/puerto-de-indias-exotic\/#breadcrumb\",\"itemListElement\":[{\"@type\":\"ListItem\",\"position\":1,\"name\":\"Home\",\"item\":\"https:\/\/bodegasadan.com\/\"},{\"@type\":\"ListItem\",\"position\":2,\"name\":\"Cat\u00e1logo\",\"item\":\"https:\/\/bodegasadan.com\/index.php\/catalogo\/\"},{\"@type\":\"ListItem\",\"position\":3,\"name\":\"PUERTO DE INDIAS EXOTIC\"}]},{\"@type\":\"WebSite\",\"@id\":\"https:\/\/bodegasadan.com\/#website\",\"url\":\"https:\/\/bodegasadan.com\/\",\"name\":\"Bodegas Ad\u00e1n\",\"description\":\"Bodegas Ad\u00e1n\",\"potentialAction\":[{\"@type\":\"SearchAction\",\"target\":{\"@type\":\"EntryPoint\",\"urlTemplate\":\"https:\/\/bodegasadan.com\/?s={search_term_string}\"},\"query-input\":\"required name=search_term_string\"}],\"inLanguage\":\"es\"}]}<\/script>\n<!-- \/ Yoast SEO plugin. -->","yoast_head_json":{"title":"PUERTO DE INDIAS EXOTIC - Bodegas Ad\u00e1n","robots":{"index":"index","follow":"follow","max-snippet":"max-snippet:-1","max-image-preview":"max-image-preview:large","max-video-preview":"max-video-preview:-1"},"canonical":"https:\/\/bodegasadan.com\/index.php\/product\/puerto-de-indias-exotic\/","og_locale":"es_ES","og_type":"article","og_title":"PUERTO DE INDIAS EXOTIC - Bodegas Ad\u00e1n","og_description":"Descripci\u00f3nPuerto de Indias Exotic es una ginebra espa\u00f1ola de estilo afrutado que destaca por su intenso aroma y sabor a mora. Fresca, dulce y muy arom\u00e1tica, se ha convertido en una opci\u00f3n ideal para quienes buscan una ginebra diferente, m\u00e1s suave y f\u00e1cil de disfrutar, especialmente en combinados refrescantes. \ud83c\udf78 Perfil del productoTipo: Ginebra saborizada [&hellip;]","og_url":"https:\/\/bodegasadan.com\/index.php\/product\/puerto-de-indias-exotic\/","og_site_name":"Bodegas Ad\u00e1n","article_modified_time":"2026-02-12T10:55:03+00:00","og_image":[{"width":2560,"height":2560,"url":"https:\/\/bodegasadan.com\/wp-content\/uploads\/2026\/02\/PUERTO-DE-INDIAS-MORA.jpg","type":"image\/jpeg"}],"twitter_card":"summary_large_image","twitter_misc":{"Tiempo de lectura":"2 minutos"},"schema":{"@context":"https:\/\/schema.org","@graph":[{"@type":"WebPage","@id":"https:\/\/bodegasadan.com\/index.php\/product\/puerto-de-indias-exotic\/","url":"https:\/\/bodegasadan.com\/index.php\/product\/puerto-de-indias-exotic\/","name":"PUERTO DE INDIAS EXOTIC - Bodegas Ad\u00e1n","isPartOf":{"@id":"https:\/\/bodegasadan.com\/#website"},"datePublished":"2026-02-12T10:55:02+00:00","dateModified":"2026-02-12T10:55:03+00:00","breadcrumb":{"@id":"https:\/\/bodegasadan.com\/index.php\/product\/puerto-de-indias-exotic\/#breadcrumb"},"inLanguage":"es","potentialAction":[{"@type":"ReadAction","target":["https:\/\/bodegasadan.com\/index.php\/product\/puerto-de-indias-exotic\/"]}]},{"@type":"BreadcrumbList","@id":"https:\/\/bodegasadan.com\/index.php\/product\/puerto-de-indias-exotic\/#breadcrumb","itemListElement":[{"@type":"ListItem","position":1,"name":"Home","item":"https:\/\/bodegasadan.com\/"},{"@type":"ListItem","position":2,"name":"Cat\u00e1logo","item":"https:\/\/bodegasadan.com\/index.php\/catalogo\/"},{"@type":"ListItem","position":3,"name":"PUERTO DE INDIAS EXOTIC"}]},{"@type":"WebSite","@id":"https:\/\/bodegasadan.com\/#website","url":"https:\/\/bodegasadan.com\/","name":"Bodegas Ad\u00e1n","description":"Bodegas Ad\u00e1n","potentialAction":[{"@type":"SearchAction","target":{"@type":"EntryPoint","urlTemplate":"https:\/\/bodegasadan.com\/?s={search_term_string}"},"query-input":"required name=search_term_string"}],"inLanguage":"es"}]}},"_links":{"self":[{"href":"https:\/\/bodegasadan.com\/index.php\/wp-json\/wp\/v2\/product\/392"}],"collection":[{"href":"https:\/\/bodegasadan.com\/index.php\/wp-json\/wp\/v2\/product"}],"about":[{"href":"https:\/\/bodegasadan.com\/index.php\/wp-json\/wp\/v2\/types\/product"}],"replies":[{"embeddable":true,"href":"https:\/\/bodegasadan.com\/index.php\/wp-json\/wp\/v2\/comments?post=392"}],"wp:featuredmedia":[{"embeddable":true,"href":"https:\/\/bodegasadan.com\/index.php\/wp-json\/wp\/v2\/media\/393"}],"wp:attachment":[{"href":"https:\/\/bodegasadan.com\/index.php\/wp-json\/wp\/v2\/media?parent=392"}],"wp:term":[{"taxonomy":"product_cat","embeddable":true,"href":"https:\/\/bodegasadan.com\/index.php\/wp-json\/wp\/v2\/product_cat?post=392"},{"taxonomy":"product_tag","embeddable":true,"href":"https:\/\/bodegasadan.com\/index.php\/wp-json\/wp\/v2\/product_tag?post=392"}],"curies":[{"name":"wp","href":"https:\/\/api.w.org\/{rel}","templated":true}]}}